der when 126 is divided by 111?
15
What is the remainder when 140 is divided by 25?
15
What is the remainder when 162 is divided by 128?
34
Calculate the remainder when 10 is divided by 6.
4
Calculate the remainder when 216 is divided by 34.
12
Calculate the remainder when 562 is divided by 105.
37
Calculate the remainder when 6908 is divided by 2301.
5
What is the remainder when 115 is divided by 39?
37
Calculate the remainder when 5932 is divided by 43.
41
What is the remainder when 147 is divided by 50?
47
What is the remainder when 2499 is divided by 353?
28
What is the remainder when 6086 is divided by 29?
25
What is the remainder when 76 is divided by 41?
35
What is the remainder when 173 is divided by 16?
13
What is the remainder when 1978 is divided by 6?
4
Calculate the remainder when 1103 is divided by 136.
15
Calculate the remainder when 973 is divided by 8.
5
Calculate the remainder when 3371 is divided by 12.
11
Calculate the remainder when 1909 is divided by 13.
11
What is the remainder when 202 is divided by 46?
18
Calculate the remainder when 1288 is divided by 15.
13
Calculate the remainder when 335 is divided by 8.
7
What is the remainder when 936 is divided by 16?
8
Calculate the remainder when 15 is divided by 8.
7
Calculate the remainder when 544 is divided by 108.
4
What is the remainder when 521 is divided by 173?
2
What is the remainder when 206 is divided by 31?
20
What is the remainder when 395 is divided by 57?
53
Calculate the remainder when 3701 is divided by 53.
44
Calculate the remainder when 404 is divided by 93.
32
What is the remainder when 331 is divided by 69?
55
Calculate the remainder when 727 is divided by 26.
25
What is the remainder when 1536 is divided by 26?
2
What is the remainder when 259 is divided by 29?
27
What is the remainder when 126 is divided by 47?
32
Calculate the remainder when 214 is divided by 24.
22
What is the remainder when 507 is divided by 52?
39
What is the remainder when 3049 is divided by 218?
215
What is the remainder when 759 is divided by 3?
0
Calculate the remainder when 404 is divided by 203.
201
What is the remainder when 122 is divided by 32?
26
Calculate the remainder when 3747 is divided by 67.
62
Calculate the remainder when 207 is divided by 106.
101
Calculate the remainder when 228 is divided by 21.
18
Calculate the remainder when 310 is divided by 53.
45
Calculate the remainder when 28445 is divided by 66.
65
What is the remainder when 366 is divided by 109?
39
What is the remainder when 6385 is divided by 6?
1
What is the remainder when 31 is divided by 14?
3
Calculate the remainder when 499 is divided by 18.
13
Calculate the remainder when 275 is divided by 12.
11
What is the remainder when 69 is divided by 4?
1
What is the remainder when 2204 is divided by 47?
42
What is the remainder when 1864 is divided by 89?
84
Calculate the remainder when 106 is divided by 22.
18
What is the remainder when 655 is divided by 94?
91
What is the remainder when 40 is divided by 22?
18
Calculate the remainder when 13935 is divided by 16.
15
What is the remainder when 22 is divided by 12?
10
Calculate the remainder when 94 is divided by 33.
28
Calculate the remainder when 25 is divided by 7.
4
What is the remainder when 133 is divided by 17?
14
What is the remainder when 1031 is divided by 35?
16
Calculate the remainder when 2277 is divided by 170.
67
What is the remainder when 4286 is divided by 66?
62
What is the remainder when 200 is divided by 51?
47
Calculate the remainder when 595 is divided by 46.
43
What is the remainder when 1435 is divided by 12?
7
What is the remainder when 292 is divided by 26?
6
Calculate the remainder when 476 is divided by 137.
65
Calculate the remainder when 1114 is divided by 16.
10
Calculate the remainder when 405 is divided by 104.
93
Calculate the remainder when 606 is divided by 200.
6
What is the remainder when 48 is divided by 5?
3
Calculate the remainder when 117 is divided by 64.
53
Calculate the remainder when 113 is divided by 6.
5
Calculate the remainder when 2445 is divided by 34.
31
What is the remainder when 174 is divided by 52?
18
Calculate the remainder when 5101 is divided by 22.
19
What is the remainder when 807 is divided by 35?
2
Calculate the remainder when 128 is divided by 89.
39
Calculate the remainder when 1166 is divided by 73.
71
What is the remainder when 59 is divided by 40?
19
Calculate the remainder when 110 is divided by 4.
2
Calculate the remainder when 206 is divided by 29.
3
Calculate the remainder when 110 is divided by 45.
20
Calculate the remainder when 140 is divided by 30.
20
What is the remainder when 417 is divided by 11?
10
Calculate the remainder when 1006 is divided by 101.
97
Calculate the remainder when 270 is divided by 12.
6
Calculate the remainder when 243 is divided by 12.
3
Calculate the remainder when 284 is divided by 16.
12
Calculate the remainder when 101 is divided by 21.
17
Calculate the remainder when 112 is divided by 59.
53
Calculate the remainder when 665 is divided by 654.
11
What is the remainder when 4883 is divided by 27?
23
What is the remainder when 501 is divided by 8?
5
Calculate the remainder when 101 is divided by 42.
17
What is the remainder when 878 is divided by 81?
68
What is the remainder when 503 is divided by 9?
8
Calculate the remainder when 726 is divided by 56.
54
What is the remainder when 90 is divided by 45?
0
What is the remainder when 7808 is divided by 21?
17
Calculate the remainder when 113 is divided by 4.
1
What is the remainder when 1634 is divided by 13?
9
Calculate the remainder when 151 is divided by 11.
8
What is the remainder when 623 is divided by 112?
63
What is the remainder when 417 is divided by 84?
81
What is the remainder when 461 is divided by 67?
59
What is the remainder when 6933 is divided by 4?
1
What is the remainder when 11 is divided by 11?
0
Calculate the remainder when 8757 is divided by 29.
28
Calculate the remainder when 277 is divided by 16.
5
Calculate the remainder when 695 is divided by 3.
2
Calculate the remainder when 472 is divided by 120.
112
Calculate the remainder when 256 is divided by 52.
48
Calculate the remainder when 319 is divided by 54.
49
What is the remainder when 19 is divided by 6?
1
Calculate the remainder when 10714 is divided by 5.
4
Calculate the remainder when 5368 is divided by 22.
0
What is the remainder when 171 is divided by 34?
1
What is the remainder when 246 is divided by 28?
22
What is the remainder when 5 is divided by 4?
1
What is the remainder when 111 is divided by 32?
15
What is the remainder when 360 is divided by 14?
10
Calculate the remainder when 288 is divided by 98.
92
Calculate the remainder when 334 is divided by 163.
8
Calculate the remainder when 3028 is divided by 82.
76
Calculate the remainder when 537 is divided by 138.
123
What is the remainder when 347 is divided by 14?
11
Calculate the remainder when 74 is divided by 7.
4
Calculate the remainder when 1154 is divided by 55.
54
What is the remainder when 51 is divided by 13?
12
Calculate the remainder when 251 is divided by 131.
120
Calculate the remainder when 2767 is divided by 21.
16
What is the remainder when 683 is divided by 101?
77
What is the remainder when 713 is divided by 16?
9
Calculate the remainder when 96 is divided by 56.
40
What is the remainder when 43 is divided by 22?
21
What is the remainder when 1276 is divided by 183?
178
What is the remainder when 1224 is divided by 108?
36
What is the remainder when 74 is divided by 11?
8
Calculate the remainder when 2074 is divided by 31.
28
Calculate the remainder when 407 is divided by 51.
50
Calculate the remainder when 10048 is divided by 67.
65
Calculate the remainder when 316 is divided by 198.
118
What is the remainder when 221 is divided by 167?
54
What is the remainder when 18237 is divided by 76?
73
What is the remainder when 539 is divided by 137?
128
What is the remainder when 15 is divided by 10?
5
Calculate the remainder when 253 is divided by 16.
13
Calculate the remainder when 83 is divided by 29.
25
What is the remainder when 357 is divided by 31?
16
What is the remainder when 4879 is divided by 212?
3
What is the remainder when 347 is divided by 9?
